t is the remainder when 54 is divided by 10?
4
Calculate the remainder when 100 is divided by 6.
4
Calculate the remainder when 176 is divided by 170.
6
Calculate the remainder when 3467 is divided by 267.
263
Calculate the remainder when 2178 is divided by 311.
1
Calculate the remainder when 118 is divided by 6.
4
Calculate the remainder when 1810 is divided by 253.
39
Calculate the remainder when 6195 is divided by 773.
11
What is the remainder when 2989 is divided by 68?
65
Calculate the remainder when 1542 is divided by 770.
2
What is the remainder when 816 is divided by 7?
4
Calculate the remainder when 17 is divided by 2.
1
What is the remainder when 137 is divided by 45?
2
Calculate the remainder when 41 is divided by 26.
15
What is the remainder when 205 is divided by 31?
19
Calculate the remainder when 1257 is divided by 15.
12
What is the remainder when 785 is divided by 33?
26
Calculate the remainder when 158 is divided by 26.
2
What is the remainder when 3025 is divided by 195?
100
Calculate the remainder when 243 is divided by 54.
27
What is the remainder when 563 is divided by 39?
17
What is the remainder when 1388 is divided by 99?
2
What is the remainder when 1483 is divided by 14?
13
Calculate the remainder when 11504 is divided by 311.
308
What is the remainder when 1085 is divided by 11?
7
What is the remainder when 46 is divided by 35?
11
Calculate the remainder when 133 is divided by 53.
27
What is the remainder when 578 is divided by 152?
122
What is the remainder when 206 is divided by 56?
38
Calculate the remainder when 493 is divided by 33.
31
What is the remainder when 3623 is divided by 53?
19
What is the remainder when 498 is divided by 100?
98
Calculate the remainder when 294 is divided by 57.
9
Calculate the remainder when 4649 is divided by 12.
5
Calculate the remainder when 349 is divided by 11.
8
Calculate the remainder when 29229 is divided by 74.
73
Calculate the remainder when 141 is divided by 54.
33
What is the remainder when 1837 is divided by 44?
33
What is the remainder when 1155 is divided by 572?
11
Calculate the remainder when 278 is divided by 3.
2
What is the remainder when 299 is divided by 15?
14
What is the remainder when 123 is divided by 30?
3
What is the remainder when 370 is divided by 31?
29
Calculate the remainder when 422 is divided by 29.
16
What is the remainder when 511 is divided by 246?
19
Calculate the remainder when 171 is divided by 41.
7
Calculate the remainder when 68907 is divided by 46.
45
Calculate the remainder when 10173 is divided by 11.
9
Calculate the remainder when 170 is divided by 81.
8
Calculate the remainder when 1638 is divided by 12.
6
Calculate the remainder when 995 is divided by 38.
7
Calculate the remainder when 10 is divided by 9.
1
What is the remainder when 170 is divided by 100?
70
What is the remainder when 100 is divided by 26?
22
Calculate the remainder when 155 is divided by 16.
11
What is the remainder when 1159 is divided by 116?
115
What is the remainder when 6839 is divided by 22?
19
What is the remainder when 38 is divided by 16?
6
What is the remainder when 404 is divided by 68?
64
What is the remainder when 165 is divided by 14?
11
What is the remainder when 493 is divided by 71?
67
Calculate the remainder when 1210 is divided by 45.
40
What is the remainder when 1097 is divided by 54?
17
Calculate the remainder when 391 is divided by 28.
27
Calculate the remainder when 718 is divided by 16.
14
What is the remainder when 1643 is divided by 30?
23
What is the remainder when 525 is divided by 48?
45
Calculate the remainder when 1090 is divided by 91.
89
What is the remainder when 1142 is divided by 281?
18
Calculate the remainder when 1437 is divided by 36.
33
Calculate the remainder when 1253 is divided by 8.
5
Calculate the remainder when 28813 is divided by 15.
13
What is the remainder when 316 is divided by 274?
42
What is the remainder when 127 is divided by 55?
17
What is the remainder when 1387 is divided by 24?
19
What is the remainder when 981 is divided by 30?
21
What is the remainder when 46 is divided by 33?
13
What is the remainder when 552 is divided by 79?
78
Calculate the remainder when 5198 is divided by 102.
98
What is the remainder when 511 is divided by 288?
223
Calculate the remainder when 7 is divided by 5.
2
Calculate the remainder when 116 is divided by 34.
14
What is the remainder when 19 is divided by 13?
6
Calculate the remainder when 132 is divided by 7.
6
What is the remainder when 345 is divided by 340?
5
Calculate the remainder when 1073 is divided by 166.
77
Calculate the remainder when 22 is divided by 5.
2
Calculate the remainder when 47 is divided by 35.
12
Calculate the remainder when 104 is divided by 28.
20
What is the remainder when 115 is divided by 37?
4
Calculate the remainder when 197 is divided by 20.
17
What is the remainder when 1056 is divided by 252?
48
What is the remainder when 419 is divided by 15?
14
What is the remainder when 118 is divided by 21?
13
What is the remainder when 1422 is divided by 21?
15
Calculate the remainder when 9446 is divided by 63.
59
Calculate the remainder when 14599 is divided by 6.
1
What is the remainder when 901 is divided by 21?
19
What is the remainder when 3595 is divided by 9?
4
What is the remainder when 125 is divided by 16?
13
What is the remainder when 1825 is divided by 31?
27
What is the remainder when 117 is divided by 8?
5
What is the remainder when 387 is divided by 31?
15
What is the remainder when 181 is divided by 98?
83
What is the remainder when 398 is divided by 141?
116
Calculate the remainder when 410 is divided by 104.
98
Calculate the remainder when 980 is divided by 112.
84
Calculate the remainder when 121 is divided by 29.
5
Calculate the remainder when 598 is divided by 526.
72
What is the remainder when 5590 is divided by 114?
4
Calculate the remainder when 2602 is divided by 84.
82
What is the remainder when 511 is divided by 51?
1
Calculate the remainder when 5 is divided by 3.
2
Calculate the remainder when 132 is divided by 3.
0
Calculate the remainder when 514 is divided by 110.
74
Calculate the remainder when 24 is divided by 15.
9
Calculate the remainder when 19652 is divided by 351.
347
Calculate the remainder when 2049 is divided by 54.
51
What is the remainder when 97 is divided by 9?
7
Calculate the remainder when 2583 is divided by 11.
9
What is the remainder when 118 is divided by 17?
16
Calculate the remainder when 174 is divided by 33.
9
What is the remainder when 186 is divided by 65?
56
Calculate the remainder when 1849 is divided by 21.
1
Calculate the remainder when 255 is divided by 65.
60
Calculate the remainder when 2049 is divided by 50.
49
What is the remainder when 220 is divided by 210?
10
Calculate the remainder when 274 is divided by 40.
34
What is the remainder when 89 is divided by 32?
25
Calculate the remainder when 435 is divided by 9.
3
Calculate the remainder when 315 is divided by 75.
15
Calculate the remainder when 2044 is divided by 2032.
12
Calculate the remainder when 491 is divided by 62.
57
What is the remainder when 323 is divided by 37?
27
What is the remainder when 2562 is divided by 45?
42
What is the remainder when 175 is divided by 28?
7
What is the remainder when 229 is divided by 59?
52
What is the remainder when 98 is divided by 34?
30
What is the remainder when 3983 is divided by 30?
23
Calculate the remainder when 19428 is divided by 127.
124
Calculate the remainder when 243 is divided by 20.
3
What is the remainder when 30420 is divided by 287?
285
Calculate the remainder when 607 is divided by 100.
7
What is the remainder when 261 is divided by 69?
54
Calculate the remainder when 201 is divided by 98.
5
What is the remainder when 179 is divided by 4?
3
What is the remainder when 407 is divided by 83?
75
Calculate the remainder when 107 is divided by 3.
2
Calculate the remainder when 2891 is divided by 720.
11
What is the remainder when 253 is divided by 119?
15
Calculate the remainder when 191 is divided by 14.
9
Calculate the remainder when 371 is divided by 45.
11
What is the remainder when 374 is divided by 77?
66
Calculate the remainder when 303 is divided by 34.
31
Calculate the